r(11). Let v = 13 - p. Suppose -u + 5*h = -8, v*h - 16 = -2*u + 8*h. Is u even?
True
Is 29 a factor of 870 + ((-1)/2 - 7/(-14))?
True
Let k(l) = -l**3 - 20*l**2 - 7*l - 71. Does 47 divide k(-21)?
True
Let b(c) = c + 10. Let i be b(-3). Suppose -41 = -4*u + i. Is 4 a factor of u?
True
Let q = 2594 - 2136. Is q a multiple of 5?
False
Let j(i) = 4*i**2 + 6*i - 24. Does 26 divide j(-7)?
True
Suppose d + 0*d = 3*q + 10, -5*d + 3*q = -2. Does 37 divide (d/(-2))/((-3)/(-111))?
True
Let k(i) = -i + 57. Does 5 divide k(-14)?
False
Suppose 0 = -2*k - 4 - 4. Is 55 a factor of 2/k*(-3 - -4)*-330?
True
Suppose 4*a + 1 = 25. Suppose 0*g - 4*x = 2*g + 12, -g + x = -a. Suppose 129 + 31 = g*p. Does 29 divide p?
False
Let h(m) = -m**2 - 3 + 2 + m + 4*m**2. Let f be h(1). Suppose n - 72 = -f*n. Does 9 divide n?
True
Let c = -17 + 23. Suppose c = -4*d + 22. Suppose -2*a - z = d*z - 28, -3*z = a - 12. Is 24 a factor of a?
True
Suppose -3*y = -4*b + y, 2*y = -3*b + 15. Suppose 5*n = 5*l, -l = l + b*n - 25. Is 5 a factor of l?
True
Let y(o) be the third derivative of o**4/8 - o**3/2 - 6*o**2. Let h be 38/4 - 2/(-4). Does 9 divide y(h)?
True
Is ((-15)/30)/(2/(-392)) a multiple of 5?
False
Suppose 5*i + 315 = 8*i. Suppose 10*h = 9*h + i. Is h a multiple of 14?
False
Let q = 6 - 1. Suppose -5*j - 2*z = -510, 2*z = z. Does 14 divide j/q + 8/(-20)?
False
Suppose 0*s - 2*d = -s + 102, 0 = -d + 4. Suppose -5*f + 21 = 3*t, 4*f - 6 = 4*t - t. Suppose -t*w = 5*b - 44, 4*b = 4*w + 3*b - s. Is w a multiple of 14?
False
Let a = 2336 - 1720. Is a a multiple of 2?
True
Suppose -5*z - 36 = 99. Suppose 3*i + 12 - 6 = 0, 5*a = i + 302. Let d = a + z. Does 11 divide d?
True
Suppose 2*h + 724 = 3*d + 23, -h = -2. Suppose -8*k = -9*k + d. Does 42 divide k?
False
Let w = 10 - 40. Is (-144)/w*20/3 a multiple of 8?
True
Suppose -4*u - 7 = -23. Suppose 2*s + 3*s - 3*n = 321, u*s - 270 = -2*n. Does 6 divide s?
True
Let y(l) = -l**2 - 24*l - 34. Is y(-17) a multiple of 17?
True
Let y = 297 + 269. Suppose 2*b = -60 + y. Is b a multiple of 11?
True
Let y = 1566 - 86. Is 40 a factor of y?
True
Let h = 257 - 212. Does 15 divide h?
True
Let h(y) = -127*y + 1. Suppose -4*a - 3*g = -3 - 2, 0 = -4*g + 12. Let r be h(a). Suppose -v = v - r. Is v a multiple of 26?
False
Let n(z) = z - 4. Let s be n(7). Let d(u) = u + 10*u**2 - 5*u + u**3 - s - 3*u**2. Is 16 a factor of d(-6)?
False
Suppose 0*c = h + 2*c - 20, h - 5*c = -8. Let n be 1/(2/(-192)*-4). Let j = n - h. Does 7 divide j?
False
Let q(a) = 2*a - 1. Let j be q(-6). Let z = 53 + j. Is z a multiple of 8?
True
Let q(x) = 2*x + 3. Let l be q(5). Suppose -s = -1 - l. Is 4 a factor of s?
False
Let v(b) = 14*b**2 - 3*b + 2. Suppose 8*d - 13 = 3. Is 13 a factor of v(d)?
True
Let u(w) be the second derivative of -2*w**3 + 2*w**2 - 6*w. Let s be u(-2). Is 707/s + (-3)/12 a multiple of 7?
False
Suppose 6*t - 12*t = -4*t. Suppose t = -5*i + 32 + 28. Is 12 a factor of i?
True
Does 23 divide 4*-1 - (60*-9)/2?
False
Let z(i) = 3*i**2 - i + 3. Let l(k) = -k**2 - 6*k + 2. Let v be l(-6). Is 12 a factor of z(v)?
False
Suppose -22*r + 17*r = -60. Is 115 - (r/(-4) - -4) a multiple of 38?
True
Let x(d) = -d**3 + 5*d**2 + 9*d - 7. Let h be x(6). Let u = 16 - h. Suppose 0 = -y + u*y - 16. Does 3 divide y?
False
Let s(j) = j**2 - 3*j - 3. Let v be s(4). Does 2 divide 8/((-32)/(-12)) + v*4?
False
Does 4 divide 168 + -5 + 117/9?
True
Suppose 26*v - 28*v = 4*i - 2218, 0 = 4*v + 3*i - 4446. Is v a multiple of 21?
True
Let d be 10/25 + 51/(-15). Let i be ((-6)/d)/4*2. Is 16 - (i + -7 - -3) a multiple of 11?
False
Suppose -3*f = -4*f - 2*l, 36 = 5*f - 2*l. Is -50*(-5)/(-15)*f/(-4) a multiple of 25?
True
Suppose -21 = -2*u + 1. Let n = u - 10. Is 2 a factor of 3 - 2/(-1) - n?
True
Suppose 3*n + 5*n - 800 = 0. Let h(r) = -r**3 + 4*r**2 + 2*r - 3. Let x be h(3). Suppose -x*t = -14*t + n. Is 12 a factor of t?
False
Let y = 223 - -21. Does 4 divide y?
True
Let a = 389 - 223. Is 3 a factor of a?
False
Suppose 3990 = 2*n + 2*s, 17*s - 3978 = -2*n + 12*s. Does 15 divide n?
False
Suppose -5*d = n + 254 - 1231, -5*n = -4*d + 799. Let r = -115 + d. Suppose -2*y + 66 = -3*m, -62 - r = -5*y + 2*m. Is 13 a factor of y?
False
Let y be (8/6)/(2/3). Suppose 5*a = 4*d + 179, -6*d + a - 183 = -y*d. Let o = 66 + d. Is 16 a factor of o?
False
Let z be 7 + (-12280)/(-15) - (-4)/(-6). Is 22 a factor of z/11 + -3*1?
False
Let w be (-2 - (-12)/4) + 1. Suppose 4*s = -w*p + 12, -s + 37 = 4*s - 3*p. Suppose -x - 79 + 268 = 3*z, s*x - 49 = -z. Is 12 a factor of z?
False
Let t = -839 + 1139. Is 25 a factor of t?
True
Let n(o) = o**3 - 10*o**2 - 2*o + 7. Let m be n(11). Suppose -4*a - 4*s + m = -6*s, -4*a - 5*s = -71. Suppose 3 = 3*x - a. Is x a multiple of 3?
True
Suppose 2*q + 5*u + 85 = 7, -6 = 3*u. Suppose 14 - 6 = f. Does 17 divide (q/f)/((-3)/24)?
True
Let k(o) = o**2 - 2*o - 12. Let f be k(6). Suppose n - 21 = -2*h, -2*n + 5*h + 12 = -f. Is n a multiple of 8?
False
Let d = 727 - 619. Is 5 a factor of d?
False
Let d = 26 - 24. Suppose -12 = -4*h + 8. Suppose 0 = -k + 4*j + 21, d*k - h = 5*j + 34. Is 6 a factor of k?
False
Let y = -88 - -139. Does 20 divide y?
False
Let h be 31/2*(-7 + (5 - 0)). Let a = 347 + h. Is 23 a factor of a?
False
Suppose -12*w - 55 = -w. Let v(n) = n**2 - 2. Is v(w) a multiple of 2?
False
Let i = 33 + -30. Is (1*i)/((-3)/(-78)) a multiple of 13?
True
Let p = 1 - -1. Suppose 0 = 2*a + 2*v - 0 + 6, 5*v = 4*a - 15. Suppose -2*h + p*g + 12 = 6*g, h + g - 11 = a. Is 4 a factor of h?
True
Is 34 a factor of (5 - (8 - 2)) + 715?
True
Let n be (((-16)/4)/12)/((-1)/9). Suppose f - 4*f - 5*p = -40, 56 = n*f + p. Is 4 a factor of f?
True
Let s(q) = q**3 + 8*q**2 - 12*q + 1. Let o(z) = z - 6. Let r be o(-3). Is s(r) a multiple of 7?
True
Suppose -y + 40 = 4*y. Is y a multiple of 8?
True
Let m(c) = c**3 + 6*c**2 + 3*c - 7. Let h be m(-5). Suppose 3*v = -h*u + 9, 5*v = -2*u + u - 17. Is (-510)/(-21) - u/28 a multiple of 9?
False
Suppose -3*o + 12 = -3*v, 2*o - 29 = -3*o - 4*v. Suppose 3*s = 3*b - 51, 1 = 5*s + 21. Let x = b - o. Is 4 a factor of x?
True
Let p(r) = -r**2 + 3*r + 6. Let d be p(0). Let n(l) = 0*l**3 - 5 + 1 + l**3 + l - 6*l**2. Does 2 divide n(d)?
True
Let h(t) = 36*t + 4. Let p be h(4). Let o = p + -84. Does 16 divide o?
True
Is -8 - ((-24)/4 - -2) - -32 a multiple of 28?
True
Suppose -4 = -b - b. Suppose 108 = b*o + 8. Does 17 divide o?
False
Suppose 14*l - 3653 = l. Is 37 a factor of l?
False
Let z(p) be the first derivative of 4*p**2 + 2*p + 48. Let o be (3/9)/((-2)/(-42)). Is 25 a factor of z(o)?
False
Let j(p) = p**3 - 8*p**2 + 9*p - 1. Let y be j(6). Let b(g) = -g**2 - 25*g + 16. Is b(y) a multiple of 13?
True
Suppose -2*u + 4*u - 4 = 0. Suppose g - 148 = v, -v = -u - 0. Is g a multiple of 25?
True
Let r = -14 - 22. Let d = r - -30. Does 18 divide (-380)/d + (-24)/(-36)?
False
Let h = 54 - 22. Is 3 a factor of 1*h - (-36)/18?
False
Suppose 20*r - 16*r + 64 = 0. Let w be (14 + -2)/(r/(-40)). Let v = 41 - w. Does 3 divide v?
False
Let t = -200 - 10. Is 7 a factor of t/(-12) - 2/4?
False
Let h = -75 + 83. Suppose h*u = 1697 + 983. Does 49 divide u?
False
Let b be (-6)/(8/(-36) - 0). Let u be b/(-6)*(-20)/6. Suppose n = -0*n + u. Is n a multiple of 6?
False
Suppose -4*y = -r - 3, -4*y = 3*r + 4 + 5. Suppose y = 4*w - 5*u - 555, -2*w - 135 + 420 = -u. Is 34 a factor of w?
False
Let l(z) be the first derivative of -z**3/3 + 21*z**2/2 - 41*z + 36. Is l(18) a multiple of 3?
False
Suppose 0*u = 2*u - 6. Let p(b) = b**3 + 3*b**2 + 2*b + 4. Is p(u) a multiple of 16?
True
Let s = 431 - -289. Is s a multiple of 48?
True
Suppose 2 = 3*b + 2*l, b - l = -5*l + 4. Suppose 2*q + r = 32, -q = -b*q + 4*r - 16. Suppose -q = -5*d + 29. Does 6 divide d?
False
Let z(b) = -4*b + 6. Let a be z(11). Let x = 10 - a. Is x a multiple of 9?
False
Let w = 122 + -90. Does 13 divide w?
False
Let d(r) be the first derivative of r - 7 - 1/2*r**2 + 2/3*r**3. Is d(1) even?
True
Suppose 0 = -4*j - 0*j. Suppose 3*s = -4*b + 2*s + 8, -3*b = -2*s - 6. Suppose c + b*c - 270 = j. Is c a multiple of 23?
False
Let a(b) = -10 + 0 + b**2 - b - 12. Does 34 divide a(8)?
True
Let b(y) = 285*y**3 - 2*y + 1. Let f be b(1). Let p = f + -183. Does 20 divide p?
False
Suppose 2*y + 28 - 6 = 0. Is 4 a factor of (-2)/y - (